valuate 5168 + -5241 + (14 - -1) + -1.
-59
(1041 - 1118) + -2 + 12 + 0 + 4
-63
Calculate (-4 - (-14 - (6 - 14))) + (186 - 202).
-14
Calculate 4 - 12 - (573 + -557).
-24
Evaluate -19 + (-36 - -35 - 12).
-32
Evaluate 3 + -146 + 381 + -124.
114
-35 - -15 - (16 + (-4 - -20 - -5))
-57
-6 - (-13 + ((-19 - -17) + -83 - -2))
90
What is (-1253 - -1242) + 47 + -4?
32
What is the value of -15 + 43 - 25 - (16 - (0 - 6) - 4)?
-15
What is the value of -23 + -3 + 26 + 58 + -75?
-17
What is the value of 14 - ((-68 - -158) + 5 + -1 + -4)?
-76
Calculate 1 + -143 + (380 - 293).
-55
Evaluate (-38 - -15) + (18 + (-2 - 11) - -46).
28
Evaluate (-11 - (-10 - 0 - -5)) + 16 - (-3 + -8).
21
Evaluate (2 - (240 - 123)) + 36.
-79
37 + -63 - (-7 + 5 - -19)
-43
Evaluate (24 - 35) + (15 - 5 - 14) - 6.
-21
-303 - -370 - (46 + -26)
47
What is the value of (1 - 15 - (-24 + 8)) + -1 + 18?
19
(-4 + -12 + 2 - -3) + (-57 - -42) + -30
-56
24 + (-5 - 2) + -99 + 95
13
-10 - ((4 + -3 - (19 + -9)) + -21)
20
Evaluate -41 + 9 + -1 + -278 + 291.
-20
Evaluate ((-368 - -376) + (-1 - 4) - -12) + 10.
25
What is the value of 5 + 6 + (19 - 36) - (2 + -64 + 4)?
52
What is (-17 - 6 - -24 - -5) + -19 - 103?
-116
Calculate -16 + -7 - -5 - (-10 + -41).
33
Calculate 4 + -63 + 27 + (99 - 0).
67
Evaluate -15 + 7 + (-2 - 3 - (-10 + (-13 - -14))).
-4
Evaluate -8 - (-2 + -9 + -1 + -7 - -6) - -41.
46
Evaluate -10 - -6 - (-13 + 26 - 22 - (-1 + -2)).
2
Evaluate 9 + 9 + -28 + 24 + -25.
-11
What is 4 + 7 + 181 + -186 + (22 - -2)?
30
1 + -16 - -36 - 10 - -4 - 63
-48
What is 38 - (-19 + (-44 - (-21 + 32)))?
112
What is -7 - 5 - (-11 - (-9 - -8))?
-2
4 - (2 + 10) - (56 + (7 - 2) + 11)
-80
Evaluate 8 + (-8 - 25) - (121 - 150).
4
Calculate 44 + (108 - 96 - (-1 - -23)).
34
-5 + 19 - (14 - (13 + 37 + -23))
27
(-37 - 11) + 62 + (0 - -25)
39
Evaluate (-276 + 268 - (-1 + -21)) + 2 + -75.
-59
Evaluate 20 - 12 - (58 - (9 - (15 - (23 - 12)))).
-45
Evaluate 12 + (4 - (8 - -7)) + (-83 - -182).
100
Evaluate -55 + (-1 + (-24 - -9) - -24).
-47
Calculate -2650 - -2709 - (1 - -33).
25
What is (169 - 181) + (1 + 0 - (33 - 3))?
-41
Calculate 40 + (-26 - -5) + (0 - 85).
-66
-27 - (-41 + 79) - -14
-51
What is -12 + (19 - (-19 + 38 + -32))?
20
43 - (-16 + 140 + 29 + -69)
-41
What is the value of 6 - (-8 + 2 + -24 - -34)?
2
What is (-94 + -6 - -104) + 1 + 12?
17
What is the value of -38 + (-70 - -126 - -48)?
66
Calculate (-1 - -38) + (-1095 - -1040) - (4 - -23).
-45
Calculate -16 + 24 - (22 - 31).
17
Calculate (19 - ((38 - 10) + -10)) + (5 - -1 - 69).
-62
What is the value of (-3 - -3) + 4 + -7 - (4 - (-44 + 35))?
-16
What is 41 - (29 + 42 - 31)?
1
What is -34 - (-24 - -24 - 36)?
2
Calculate -14 + (63 - 54 - (3 + 3 + -4)).
-7
What is the value of 41 + -36 + 82 - 37?
50
Evaluate 0 + 5 - (2 + 27 + 0 + 11).
-35
What is 28 - ((-16 - -35) + 4)?
5
Calculate (-12 - -8 - -11) + (-12 - 0 - (101 + -96)).
-10
Evaluate (3 + -12 - 10) + 22 + -24 + 3.
-18
Calculate 14 + 14 + (1 - (-5 - 7)).
41
Calculate 2 - (2 - 1) - (-892 + 880 - (0 - -61)).
74
What is -8 + 5 + -4 + -4 - (13 + -56 - -52)?
-20
What is -12 - -2 - (-9 - -47 - 84)?
36
10 - -6 - (-51 + 65 + (31 - 61))
32
What is 89 - (5 - (-32 - (29 - 54)))?
77
What is the value of (-20 - -18 - -95) + 11 + 1 - 22?
83
What is the value of (-10 + -2 + 6 - -9 - (-10 + 8)) + -81?
-76
Evaluate 20 - ((15 - -1) + -11) - (-15 + 5).
25
What is the value of 4119 + -4130 + -6 + (-2 - (3 + -4))?
-18
What is the value of 7 + 18 + -22 - 9 - (2 - 0)?
-8
What is the value of 61 + 24 + (-1 - 68)?
16
Evaluate (0 - -88 - 4) + -1 - (41 - 32).
74
What is -24 - (-176 - -163 - (3 + (-6 - 20)))?
-34
Calculate 4 + (20 + 7 - -6) + 92.
129
What is -67 - (9 + (-17 - 11))?
-48
23 + (-5 - (18 - 21) - 14)
7
5 - -20 - (23 + -22 + -8)
32
Calculate (-55 - 101) + 108 + 36.
-12
106 + 30 + (59 - 157)
38
What is the value of 4 - ((5 - 8) + (16 - (1 + 5 - 56)))?
-59
Calculate -16 - ((11 - 7 - -14) + (28 - 41)).
-21
What is 19 + -158 - -101 - (0 + 8)?
-46
Evaluate -71 - ((-1 - 13 - (-756 + 738)) + 8 + -1).
-82
Calculate -71 + (255 - 87) + -60.
37
What is the value of 0 - -27 - ((54 - 62) + 87)?
-52
What is 1982 + -1995 - (0 - 52)?
39
Evaluate (97 - 116) + (12 + -6 - -46).
33
What is the value of -2 + 1 - (19 + (-36 - -25) + -15)?
6
What is the value of -2 + -55 + 97 + (1 - (10 - -1))?
30
What is the value of -21 + 3 + 37 - (38 - 9)?
-10
What is the value of -72 - ((26 - -5) + -19 + -3 - (1 + 8))?
-72
What is the value of -3 + -4 + -76 + (24 - 1)?
-60
Evaluate -60 + 47 + (4 - (-2 - 4)) + 4 - 55.
-54
Evaluate -73 + 54 - -67 - -8.
56
What is -1 + -44 - (-38 + 71 + -38)?
-40
What is -57 - -63 - -254 - 145?
115
(-59 - (-44 - 60)) + -115
-70
Calculate 0 - (-125 + 166 - (-1 - -5 - 10)).
-47
Evaluate (-4 + 0 - -4) + (-5 + 35 - 31 - -94).
93
What is the value of (58 - 57 - 61) + 33?
-27
Evaluate 35559 + -35565 - (51 - (0 - -2)).
-55
Calculate (-1 - -3) + 27 - (92 + 33).
-96
Evaluate 1393 + -1367 - (25 + -1).
2
What is 205 + -109 - 146 - (1 - 21)?
-30
1 - -32 - ((-26 - (-48 - -26)) + 15 + 0)
22
24 - 2 - (28 + (-135 - -88))
41
What is (11 - 4) + -14 - (-2 + 7 - -4)?
-16
37 - (-6 + 14 + 7) - 7
15
Evaluate (46 - (-9 + -22)) + -39 - 8.
30
What is the value of -44 - (5 + 5 + 142 + -119)?
-77
What is -27 + (-29 + (0 - -18) - -18)?
-20
Calculate -32 - ((-114 - 92) + 119).
55
What is (-2 - -28) + 2763 + -2701?
88
Evaluate 13 + (-54 - -58) - (-1 + 36).
-18
What is the value of 15 + 5 + -12 + 3 + -5 + 6 - 75?
-63
Calculate 15 - (-5 - (-5 + -3 + -33)).
-21
Evaluate 18 - 0 - (5 + -12 + 106).
-81
What is the value of -45 + 14 + 64 + 5?
38
Evaluate (18 - 56 - -58) + 26.
46
What is -11 + (2 - (10 - (35 + -33) - (0 + 83)))?
66
What is the value of (-7 - 65) + 35 + 98?
61
6 + (0 - 40) + (13 - (-23 + 32))
-30
What is (57 - 3 - 35) + -81 - 6?
-68
Evaluate (19 - (-6 + 10 + 21) - -112) + -5.
101
Calculate (0 + (-22 - -35) - (4 - 1)) + -10 + -63.
-63
What is 37 + -49 - (0 + 106 - (-42 - -45))?
-115
Evaluate (249 - 233) + -3 + 66.
79
What is 24 + (37 + -1 - 21)?
39
What is -1 + -26 - 3 - (4136 + -4255)?
89
Calculate 1 + -5 - 4 - -51 - (23 + 1 + -17).
36
Calculate -73 - ((3 - (13 + 9 - 9)) + 5 + -6).
-62
What is the value of -2 - 12 - -29 - (3 + -36)?
48
Calculate -71 + 66 - (-61 + 2 - (-7 - 2)) - -7.
52
279 + -388 - (-4 - ((-5 - (5 + -21)) + -3))
-97
What is the value of 94 + -108 - (-22 + -9) - -24?
41
Evaluate 2 - (0 + 5 + (7 - 18 - -5) + -100).
103
What is -5 - (-13 - -29 - (15 - -5))?
-1
Evaluate -20 - ((64 - -43) + -169).
42
What is the value of 38 + (47 + -41 - (13 - (2 - -3)))?
36
What is the value of -5 - (6 + -18 - (-5 - 9) - -14)?
-21
Evaluate -2 - 0 - 35 - (-1220 + 1205).
-22
52 + (56 - (70 + -27)) + -4 + -6 + 3
58
Evaluate 70 + (15 - 46 - 0) + -11.
28
(12 - -49) + -611 + 576
26
What is -844 + 817 + (0 - -19) - 11?
-19
Evaluate 1 + 9 + (-118 - 16) + -64 + 71.
-117
Calculate (584 - 598) + (-10 - (4 - (2 - 2))).
-28
What is -3 + 2 - (5 + -39 + 5 + (13 - 8))?
23
Evaluate -7 + -33 + 21 + 11 + (1 - 13).
-20
Calculate 13 + (53 - 1) - 65.
0
What is the value of -36 + 137 - -72 - 32?
141
What is the value of (10 - (9 - 11)) + (0 - 22) - 95?
-105
Evaluate -16 - (-8 + -34 + 25).
1
Evaluate 32 - 89 - (33 - (5 + 23)).
-62
Evaluate -13 + -9 + 17 + 89 - (7 - 4).
81
Evaluate (-59 - 0 - (1353 + -1397)) + -58 + -1.
-74
Calculate -4222 + 4232 + 22 + (2 - 2).
32
Calculate 251 + (-55 + -28 - 59).
109
-52 - (7 - -50 - 109)
0
Evaluate 202 - (84 + 5 + 11).
102
What is (-746 - -853) + (6 - 1)?
112
-35 - 23 - -52 - 1
-7
50 - (92 + 4 + -55)
9
(456 - 443) + 0 + 1 + (-11 - -4)
7
Calculate -148 - -144 - (10 - -1) - -22.
7
Evaluate -98 - -37 - -44 - (-1 + -43).
27
-6 - (4 - 6 - -42) - (-9 + 2 - 5)
-34
Evaluate -11 + -18 + 25 + -13 + -17.
-34
Evaluate 2337 + -2394 + 136 + -2.
77
24 + -23 + (-7 - 13) + 32
13
Evaluate (-2 - -63) + (-26 - ((2 - 4) + 8 - 23)).
52
Calculate 12 - ((25 - -22) + 6) - -12.
-29
What is the value of -56 - ((0 - -4) + -364 + 358)?
-54
(16 - 9) + -33 - -75
49
What is -12 - -74 - (63 - 12)?
11
What is -50 + 10 + -11 + 31?
-20
What is 6 + -4 - (10 + -1) - (-4 - 5 - -51)?
-49
Evaluate 4 + ((2034 - 2005) + (43 - 0) - (1 + 11)).
64
25 - (32 - -11 - (7 - -5))
-6
-7 + 4 + 25 + 2 + (11 - 15 - 4)
16
63 - 33 - 2 - 57
-29
Calculate 22 + 486 + -452 + 2 + 1.
59
Evaluate -7 - (244 + -